
What are the prime factors of 1845508886?
2, 13, 103, 199, 3463
List the prime factors of 92163954.
2, 3, 1699, 9041
List the prime factors of 10313614.
2, 23, 224209
What are the prime factors of 191694358?
2, 95847179
List the prime factors of 538616581.
43, 53, 236339
What are the prime factors of 78787567?
43, 337, 5437
List the prime factors of 43767584.
2, 7, 103, 271
What are the prime factors of 174977565?
3, 5, 7, 863, 1931
List the prime factors of 1238787082.
2, 13, 643, 74099
What are the prime factors of 574448114?
2, 287224057
What are the prime factors of 52807705?
5, 89, 118669
List the prime factors of 489627814.
2, 13, 111431
List the prime factors of 58012059.
3, 7, 2762479
What are the prime factors of 2040664433?
44267, 46099
List the prime factors of 157747513.
7, 11, 292667
List the prime factors of 9755459.
7, 263, 757
List the prime factors of 1013037192.
2, 3, 1563329
What are the prime factors of 1778349973?
19, 93597367
List the prime factors of 186577604.
2, 709, 65789
List the prime factors of 550767481.
11, 50069771
What are the prime factors of 712042508?
2, 61, 2918207
List the prime factors of 33277690.
2, 5, 3327769
What are the prime factors of 1917900233?
43, 44602331
List the prime factors of 648642940.
2, 5, 11, 137, 21521
List the prime factors of 1127442334.
2, 18593, 30319
List the prime factors of 209072638.
2, 47, 349, 6373
List the prime factors of 27459746.
2, 23, 673, 887
What are the prime factors of 33072218?
2, 16536109
What are the prime factors of 27933346?
2, 7, 17, 241, 487
What are the prime factors of 1628871775?
5, 137, 475583
List the prime factors of 6725218174.
2, 3362609087
List the prime factors of 11265774.
2, 3, 13, 97, 1489
List the prime factors of 11502640.
2, 5, 59, 2437
List the prime factors of 3050267841.
3, 112972883
List the prime factors of 59979931.
11, 59, 92419
List the prime factors of 354554668.
2, 13, 19, 358861
List the prime factors of 5650744436.
2, 5113, 276293
List the prime factors of 4977792.
2, 3, 29, 149
List the prime factors of 136708106.
2, 68354053
What are the prime factors of 2610666117?
3, 1361, 213133
What are the prime factors of 859270876?
2, 503, 427073
What are the prime factors of 35425449?
3, 3936161
What are the prime factors of 2228855667?
3, 19, 47, 211, 3943
What are the prime factors of 2235395286?
2, 3, 41396209
What are the prime factors of 328079974?
2, 17, 1163, 8297
What are the prime factors of 3480492531?
3, 127, 439, 20809
What are the prime factors of 197465403?
3, 101, 233, 2797
What are the prime factors of 521969783?
73, 751, 9521
What are the prime factors of 24159586?
2, 11, 99833
What are the prime factors of 386819463?
3, 128939821
What are the prime factors of 91890551?
91890551
List the prime factors of 26995141.
31, 870811
What are the prime factors of 4176883640?
2, 5, 937, 111443
List the prime factors of 2232065545.
5, 97, 379, 12143
What are the prime factors of 66208212?
2, 3, 7, 12511
List the prime factors of 1664615364.
2, 3, 138717947
List the prime factors of 58634426.
2, 3187, 9199
What are the prime factors of 1652442902?
2, 11, 2347, 32003
List the prime factors of 101914152.
2, 3, 1597, 2659
List the prime factors of 52691658.
2, 3, 367, 23929
What are the prime factors of 1103112228?
2, 3, 37, 887, 2801
What are the prime factors of 121484166?
2, 3, 269, 75269
List the prime factors of 1157651923.
1157651923
What are the prime factors of 115316698?
2, 7, 1176701
What are the prime factors of 3428514?
2, 3, 173, 367
What are the prime factors of 20412781?
29, 409, 1721
List the prime factors of 539247529.
89, 6058961
What are the prime factors of 1575758493?
3, 3529, 49613
List the prime factors of 57716391.
3, 19238797
List the prime factors of 5624884371.
3, 1874961457
List the prime factors of 1039299148.
2, 17, 239, 63949
List the prime factors of 230735034.
2, 3, 23, 37, 5021
List the prime factors of 63352537.
63352537
What are the prime factors of 910930159?
17, 53584127
What are the prime factors of 54923162?
2, 7, 3923083
List the prime factors of 4359510184.
2, 337, 1617029
List the prime factors of 3755773390.
2, 5, 375577339
What are the prime factors of 126187225?
5, 461, 10949
List the prime factors of 1187150260.
2, 5, 59357513
What are the prime factors of 987703712?
2, 941, 32801
What are the prime factors of 3219626?
2, 19, 193, 439
List the prime factors of 161502834.
2, 3, 26917139
What are the prime factors of 106541569?
19, 295129
What are the prime factors of 588977078?
2, 4801, 61339
What are the prime factors of 113611085?
5, 7, 17, 79, 2417
What are the prime factors of 3715361890?
2, 5, 691, 537679
List the prime factors of 409884229.
17, 173, 139369
List the prime factors of 948762614.
2, 317, 1496471
List the prime factors of 150366525.
3, 5, 23, 61, 1429
What are the prime factors of 492329035?
5, 11, 813767
List the prime factors of 672729103.
672729103
What are the prime factors of 32242386?
2, 3, 11, 89, 499
What are the prime factors of 84969675?
3, 5, 7, 367
What are the prime factors of 2735662525?
5, 17, 37, 173969
List the prime factors of 1886093780.
2, 5, 139, 678451
List the prime factors of 683950424.
2, 2593, 32971
What are the prime factors of 5641862049?
3, 2287, 274103
What are the prime factors of 135690684?
2, 3, 11307557
What are the prime factors of 146614589?
11, 53, 251483
List the prime factors of 32014167.
3, 59, 180871
List the prime factors of 250304828.
2, 62576207
List the prime factors of 16168645.
5, 43, 157, 479
List the prime factors of 3078571389.
3, 257, 3992959
List the prime factors of 46156189.
97, 475837
List the prime factors of 31469823.
3, 7, 11, 15137
List the prime factors of 330676823.
241, 1372103
List the prime factors of 807871358.
2, 7, 43, 163, 8233
List the prime factors of 563292607.
29, 157, 123719
What are the prime factors of 1038205152?
2, 3, 3604879
List the prime factors of 2273468074.
2, 23, 881, 56099
What are the prime factors of 87570715?
5, 19, 449, 2053
List the prime factors of 221291716.
2, 137, 403817
List the prime factors of 8149335.
3, 5, 543289
What are the prime factors of 24093751?
11, 29, 47, 1607
What are the prime factors of 262691850?
2, 3, 5, 53, 173, 191
List the prime factors of 3079602316.
2, 7, 8161, 13477
List the prime factors of 1663110420.
2, 3, 5, 157, 176551
List the prime factors of 852954656.
2, 26654833
List the prime factors of 887721056.
2, 67, 414049
What are the prime factors of 339410992?
2, 21213187
List the prime factors of 1429850299.
421, 3396319
List the prime factors of 41873924.
2, 17, 615793
List the prime factors of 575578313.
575578313
List the prime factors of 154295234.
2, 77147617
What are the prime factors of 46225649?
46225649
What are the prime factors of 157814425?
5, 6312577
List the prime factors of 403995607.
29, 13930883
List the prime factors of 554430661.
554430661
What are the prime factors of 2312004338?
2, 7, 23591881
What are the prime factors of 533150626?
2, 23, 11590231
What are the prime factors of 949720427?
949720427
List the prime factors of 1115262280.
2, 5, 11, 29, 87403
List the prime factors of 52672780.
2, 5, 2633639
List the prime factors of 96727813.
7, 13, 151849
List the prime factors of 2482290316.
2, 11, 661, 7759
List the prime factors of 29407523.
29407523
What are the prime factors of 335414516?
2, 83853629
List the prime factors of 124163911.
124163911
List the prime factors of 27084918.
2, 3, 7, 19, 33941
List the prime factors of 2534473487.
7, 13, 859, 32423
List the prime factors of 322728240.
2, 3, 5, 29, 89, 521
What are the prime factors of 201584938?
2, 100792469
List the prime factors of 228079981.
228079981
List the prime factors of 116514834.
2, 3, 71, 479, 571
List the prime factors of 9721065.
3, 5, 19, 23, 1483
List the prime factors of 14405118.
2, 3, 7, 13, 3769
What are the prime factors of 6249227357?
19, 328906703
List the prime factors of 1770475477.
47, 2897, 13003
List the prime factors of 43017216.
2, 3, 11, 19, 67
What are the prime factors of 744189473?
19, 37, 1058591
What are the prime factors of 23871563?
23871563
What are the prime factors of 2315332904?
2, 23, 857, 14683
What are the prime factors o